 common factor of p and f?
11
Let d be ((-121)/33)/((-2)/(-30)). Let w be (6/10)/(d/(-25) - 2). Suppose 6*y = w*y + 126. Calculate the greatest common divisor of y and 63.
21
Suppose 14*o - 38*o = -4560. What is the greatest common factor of o and 7030?
190
Let s = 90 + -80. Let b = 95 + 195. Suppose -b = -3*l + 5*q, -4*l = -q - 180 - 184. Calculate the highest common factor of l and s.
10
Suppose -j = -3*h + 68, 4*h = 6*h + 2*j - 56. Let b(x) = 27*x - 95. Let y be b(-11). Let m = 398 + y. Calculate the greatest common factor of h and m.
6
Let q(p) = 32*p**3 + 6*p**2 + 3*p - 11. Let f be q(2). Suppose 2*z = 3*z. Let c = 25 + z. What is the greatest common factor of f and c?
25
Let a(n) = -102*n - 21. Let g be a(-3). Suppose -9*t - 264 = g. Let y = t + 157. Calculate the greatest common divisor of 12 and y.
12
Let h = 375 + -375. Suppose p = 3*f + 431 + 94, p + 5*f - 541 = h. What is the highest common factor of p and 59?
59
Let g be 3780/45 + (-4)/1. Calculate the greatest common factor of 304 and g.
16
Suppose 0 = -927*g + 950*g - 39606. Calculate the highest common divisor of g and 154.
14
Let q be 43594875/5400 - 1/8. What is the greatest common divisor of q and 54?
27
Suppose 18*t = 10*t + 168. Suppose 0 = 8*w - t - 35. What is the highest common divisor of w and 5?
1
Suppose 1496 = 4*j - h, 390 = 2*j - 4*h - 358. Let g = 118 - 84. Calculate the greatest common divisor of g and j.
34
Let a = 541 + -534. Suppose 0 = x + a*f - 9*f - 42, 5*x + 5*f = 135. What is the greatest common divisor of 4 and x?
4
Let p(q) = -196*q - 965. Let o be p(-19). What is the greatest common divisor of 89 and o?
89
Suppose 3*m = -2*m + 2600. Let v be (m/(-12))/(-13)*63. What is the greatest common divisor of v and 14?
14
Let v(l) = -527*l - 3341. Let p be v(-19). What is the greatest common factor of 24 and p?
24
Suppose -4*l = -0*l - 2225 + 1241. What is the highest common factor of 1640 and l?
82
Let p = 404 - 272. Let m be (-1)/(((-209)/(-44))/(-19)). What is the greatest common divisor of m and p?
4
Suppose 522*x = 492*x + 22440. What is the highest common divisor of x and 85?
17
Let q = -22 - -82. Let d = 76 - q. Suppose -8*g = -8 - d. What is the highest common factor of 9 and g?
3
Let h(c) = c**3 + 48*c**2 - 50*c - 36. Let q be h(-49). Calculate the highest common divisor of q and 143.
13
Suppose -3*i = 3*h - 15705, 0 = 3*h + 2127 - 2142. Calculate the highest common divisor of 10 and i.
10
Suppose -x = 2*z - 20412, 3*x = 3*z - 24583 + 85765. Calculate the greatest common factor of 150 and x.
150
Let d(c) = -15*c - 2. Let m be d(-2). Let v = 136627 - 136585. What is the highest common factor of m and v?
14
Let m = 6078 - -13415. Calculate the greatest common divisor of 386 and m.
193
Let j(m) = -6*m**2 + 12*m. Let y be j(5). Let d = -79 - y. What is the greatest common divisor of d and 2?
1
Let k be (-1)/(-4) - (-313)/4*-1. Let s be 52/k - (-262)/6. What is the highest common divisor of s and 43?
43
Suppose 18*d - 13*d = -4*o + 4910, 3*d = -o + 1224. What is the greatest common divisor of 810 and o?
30
Let q = -216 + 147. Let n = -52 - q. Suppose 408 = 2*p + p. What is the greatest common divisor of p and n?
17
Let w be 2*-1*(7 - 492). Suppose -17*l = -7*l - w. Suppose -3*a + l = -239. What is the greatest common divisor of 14 and a?
14
Let d be (-2)/(-2) + (-56)/(-2). Let s = -276 + 281. Suppose 2*g - 295 = s*n, -2*g + 375 - 87 = 2*n. Calculate the highest common factor of g and d.
29
Let d be 1080/(-405)*(-9)/2. Let h be 5*((-24)/(-10))/2. Let i be (56/d - 5) + 140/h. Calculate the greatest common divisor of 115 and i.
23
Let z be ((-45)/(-18))/((-5)/(-10)). Suppose -4*s + 2*f + 208 = 0, 24 = 2*s - z*f - 96. Calculate the highest common divisor of s and 50.
50
Let q be (-15)/150 + 301/10 - -8. Calculate the highest common factor of q and 4218.
38
Let k be (171/(-6))/((-7)/28*2). Suppose c - 190 = -c. Calculate the highest common divisor of c and k.
19
Let r = -6126 + 6206. Calculate the greatest common divisor of 1750 and r.
10
Let f(a) = 22075*a**2 - 351*a + 353. Let y be f(1). Calculate the greatest common divisor of 223 and y.
223
Let b = -178 + 2233. Let k be b/35 + (-20)/28. What is the greatest common factor of k and 87?
29
Suppose 0 - 18 = -3*k. Let m be (-306)/4*(-406)/609. Calculate the greatest common factor of m and k.
3
Suppose 0 = -6*a + 2037 + 1839. Calculate the greatest common divisor of 136 and a.
34
Let l(h) = -h**3 + 22*h**2 + 24*h + 55. Let b be l(23). Suppose 0 = -d + b - 52. Let o = 166 - 114. Calculate the greatest common factor of o and d.
26
Let g = -483 + 37. Let u = -431 - g. What is the highest common divisor of 480 and u?
15
Let r = 290 + 37. Let d = r + -324. Calculate the greatest common divisor of d and 57.
3
Let q = -136 - -257. Suppose 0 = 8*t - q - 55. Calculate the highest common divisor of 22 and t.
22
Let x = -19 - -76. Let u be 8/(-12) - (-5)/3. Let n be (u - 2) + -4 + -2 + 26. Calculate the greatest common divisor of n and x.
19
Let n(x) = 10*x - 91. Let q be n(10). Let u = q + 11. What is the greatest common divisor of 12 and u?
4
Let u = -1148 - -1324. Calculate the highest common factor of u and 1144.
88
Let t(c) = -c**2 + 2*c + 184. Let y be t(-12). What is the highest common divisor of 3440 and y?
16
Let g(f) = -f**3 + 10*f**2 - 6*f. Let p be g(9). Let d(h) = 10*h - 41. Let c be d(5). What is the greatest common divisor of c and p?
9
Let a be -1*(2/(-10) - 15704/(-20)). Let l = -655 - a. Suppose 27 + 7 = 4*g + 2*n, 0 = -g + 5*n + 25. Calculate the highest common factor of l and g.
10
Let b(k) = k**2 + 7*k - 16. Let g be b(-9). Let p be g/(-19) - (-39366)/342. Calculate the highest common factor of p and 46.
23
Suppose 0 = -4*s + 51 + 9. Let i be (20 + 0)/(10/s). Suppose 60*y = 421 - 61. Calculate the highest common factor of i and y.
6
Let n = -39 - -103. Suppose -142*g + 6028 = -1924. What is the highest common divisor of n and g?
8
Let a be -2*1/1 - -121. Let p = 155 + -189. Let c be (3 - -2)*2/((-20)/p). What is the highest common factor of a and c?
17
Let n be -1*-10*(-1421)/(-14). Calculate the highest common divisor of 5481 and n.
203
Let p be (464/1624)/(2 - (-167)/(-84)). Calculate the highest common divisor of p and 816.
24
Suppose 67*d = 72*d. Suppose d = -2*k, 4*p - k - 3445 = -p. Calculate the greatest common factor of p and 53.
53
Let x(w) = -w**3 - 2*w**2 - 2*w + 180. Let y be x(0). Suppose 6*s - y = 2*s. Suppose -115 + s = -r. What is the highest common divisor of 10 and r?
10
Let s(b) = -5*b - 2. Let k be s(-1). Suppose -4*z + 186 = -0*x - k*x, 3*z - 145 = 5*x. Let v = -25 + z. What is the greatest common factor of 10 and v?
10
Let p be 1/(48/32*2/(-327)). Let u = 138 + p. Suppose -k - u = -5*k - 5*f, -25 = -2*k + f. What is the greatest common factor of 44 and k?
11
Let i = 22282 + -12516. What is the greatest common factor of i and 76?
38
Suppose -10 = u - 15. Suppose -5*r = 4*d - 37, 5 = -5*d + u*r + 85. What is the highest common factor of d and 1?
1
Let o = -15941 + 15983. Calculate the greatest common divisor of o and 217.
7
Suppose -h - 102 = -4*g, -g - h + 16 = -6*h. Let u be 0 + -3 + (6 - 3). Suppose m + 57 - 291 = u. Calculate the highest common factor of g and m.
26
Let n = -9 - -17. Let t(o) = 14*o - 33. Let d be t(n). Suppose 8*u = -7 + d. Calculate the highest common factor of u and 9.
9
Let o(v) = v**3 - 16*v**2 + 39*v + 6. Let z be o(13). Suppose 29*q - 71*q + 9324 = 0. What is the greatest common divisor of q and z?
6
Suppose -47*u + 49*u = -90. Let c be (-5030)/u - (-18)/81. What is the highest common factor of 32 and c?
16
Let q(r) = r**3 - 12*r**2 - 15*r + 6. Let m be q(13). Let f be 2/10 - 724/m*-1. Let u = -30 - f. Calculate the highest common factor of 102 and u.
6
Let h be (29382/(-581))/((-2)/7) - 6. Suppose -v = 3*v - 36. What is the greatest common divisor of v and h?
9
Let a(s) = -38*s - 37. Let b be a(4). Let x be (72/(-54))/((-366)/b - 2). What is the highest common factor of x and 14?
7
Let o be ((-1455)/30)/((-3)/66). What is the greatest common factor of 11 and o?
11
Let x(r) = 7*r**2 + 12*r - 15. Let t be x(-5). Suppose -23 = 3*b - 143. Calculate the greatest common divisor of b and t.
20
Let a(c) = 248*c - 1858. Let g be a(8). Calculate the greatest comm